culate i(6).
-1
Let l(t) = -3*t**2 - 10*t + 110. Calculate l(7).
-107
Let s(m) = -m**2 - m + 41. Give s(-6).
11
Let w(z) = -1103*z + 10. Give w(0).
10
Let q(a) = a**3 + 28*a**2 - 252*a - 235. Calculate q(-35).
10
Let a(x) = 15*x - 260. Calculate a(12).
-80
Let o(m) = m**3 + 20*m**2 + 17*m - 130. Give o(-19).
-92
Let y(s) = -25*s**2 - 88*s - 13. Determine y(-4).
-61
Let k(x) = -2*x**2 - 42*x + 18. What is k(-20)?
58
Let v(q) = 2*q**2 - 126*q + 818. Determine v(55).
-62
Let y(f) = f**2 + 53*f + 715. What is y(-27)?
13
Let n(w) = w**3 - 17*w**2 + 20*w - 309. Determine n(17).
31
Let g(d) = 321*d**3 - d**2 + 4*d - 2. Determine g(1).
322
Let m(s) = -s**3 + 56*s**2 - 169*s + 522. Determine m(53).
-8
Let a(j) = 2*j**2 + 28*j - 55. Calculate a(-16).
9
Let q(r) = -106*r - 512. Determine q(-5).
18
Let f(p) = p**3 + 11*p**2 + 18*p + 93. Give f(-10).
13
Let w(p) = -p**3 + 9*p**2 + 29*p + 34. Give w(7).
335
Let f(j) = 339*j + 45425. What is f(-134)?
-1
Let q(b) = 164*b + 1840. What is q(-6)?
856
Let y(v) = -4*v**2 + 52*v + 11. What is y(15)?
-109
Let u(g) = -11*g - 164. Give u(-26).
122
Let k(m) = -25*m + 312. Calculate k(18).
-138
Let y(c) = 3219*c - 19309. Determine y(6).
5
Let u(y) = y**2 - 1202*y - 9679. Calculate u(-8).
1
Let v(n) = 706*n - 7481. Determine v(11).
285
Let b(w) = -175*w + 10851. Calculate b(62).
1
Let i(t) = 48*t**3 + t**2 + 60*t - 61. What is i(1)?
48
Let l(j) = -390*j + 350. What is l(1)?
-40
Let q(p) = p**2 + 19*p - 20. Calculate q(-12).
-104
Let z(k) = k**3 + 52*k**2 - 52*k + 42. Calculate z(-53).
-11
Let o(c) = 11*c - 113. Determine o(11).
8
Let d(n) = 31*n - 14. Determine d(5).
141
Let v(f) = -f**2 - 562*f + 5105. Determine v(9).
-34
Let s(y) = 13*y**3 - 66*y**2 - 5*y + 56. What is s(5)?
6
Let i(j) = -9*j**3 + 34*j + 37. Give i(-1).
12
Let y(v) = -v**3 + 11*v**2 + 2*v - 124. What is y(11)?
-102
Let u(g) = -2*g**2 + g - 121. What is u(0)?
-121
Let b(w) = 5*w**2 + 30*w + 29. Give b(-1).
4
Let b(f) = -7177*f - 136370. Give b(-19).
-7
Let u(q) = -83*q + 903. What is u(11)?
-10
Let t(p) = -93*p + 1570. Give t(16).
82
Let x(w) = -3*w**3 - 414*w**2 - 11*w - 1505. Determine x(-138).
13
Let l(d) = -11825*d - 47337. Determine l(-4).
-37
Let j(a) = a**3 + 38*a**2 - 86*a + 19. Determine j(2).
7
Let k(a) = -a**2 + 1209. What is k(-32)?
185
Let x(k) = -k**3 + k**2 + 54*k - 155. Give x(3).
-11
Let k(w) = 2*w**2 - 2449*w + 9766. Calculate k(4).
2
Let w(v) = -9*v**3 + 2*v**2 + 5*v - 6. Determine w(1).
-8
Let j(l) = -l**3 - 52*l**2 - 679*l - 5588. Calculate j(-38).
-2
Let o(n) = n**2 - 19. Determine o(0).
-19
Let n(s) = 2*s**3 + 32*s**2 + 32*s - 8. Calculate n(-15).
-38
Let u(l) = -41*l - 245. Determine u(5).
-450
Let r(k) = 66*k + 461. Give r(-6).
65
Let u(a) = -a**3 - 33*a**2 + 605*a - 91. Determine u(13).
0
Let r(k) = k**3 + 17*k**2 + 47*k + 784. Determine r(-17).
-15
Let i(t) = 64*t + 154. What is i(-2)?
26
Let q(y) = 280*y - 2. Determine q(0).
-2
Let v(o) = 126*o + 339. Determine v(-2).
87
Let c(h) = h**3 - 119*h**2 - 620*h + 2. Give c(124).
2
Let z(u) = u**3 - 12*u**2 - 21*u + 161. Calculate z(11).
-191
Let d(g) = g**3 + 11*g**2 + 47*g + 275. What is d(-9)?
14
Let h(x) = -36*x - 188. Give h(-9).
136
Let f(o) = 167*o + 6744. What is f(-40)?
64
Let b(o) = 11*o**2 - 2582*o - 2581. Calculate b(-1).
12
Let w(f) = -7*f**3 + 31*f**2 + 290*f - 21. What is w(9)?
-3
Let d(s) = s**2 + 49*s + 310. Determine d(-42).
16
Let z(j) = 194*j - 979. What is z(5)?
-9
Let q(k) = -4*k**2 + 8*k + 39. Determine q(-9).
-357
Let u(h) = h**3 + 25*h**2 - 169*h - 4636. Determine u(-24).
-4
Let s(n) = 20*n + 2385. Determine s(-107).
245
Let m(z) = -15*z - 278. Calculate m(-13).
-83
Let d(i) = -330*i - 2655. What is d(-8)?
-15
Let l(a) = -a**3 + 19*a**2 + 42*a + 80. Calculate l(21).
80
Let w(j) = j**3 - 4*j**2 - 22. What is w(0)?
-22
Let f(r) = -20*r**3 + 2*r**2 + 157*r - 318. What is f(2)?
-156
Let q(m) = 17*m**2 - 334*m - 118. Determine q(20).
2
Let x(z) = -z**3 + 56*z**2 - 160*z + 3. Give x(3).
0
Let h(a) = -3*a - 52. What is h(32)?
-148
Let y(i) = -5*i**3 + 71*i**2 + 4*i - 14. What is y(14)?
238
Let n(d) = -d**3 + 10*d**2 + 306*d - 68. What is n(23)?
93
Let z(i) = 2*i**3 + 67*i**2 + 458*i + 46. Determine z(-24).
-2
Let f(k) = -k**3 - 19*k**2 - 63*k - 8. Calculate f(-9).
-251
Let w(g) = 10*g + 99. Give w(-19).
-91
Let v(o) = -21*o + 84. Determine v(-9).
273
Let a(t) = 118*t**2 + 623*t - 4. Calculate a(-5).
-169
Let o(l) = l**3 + 22*l**2 - 41*l + 36. Determine o(-24).
-132
Let o(f) = -48*f**2 + 23*f + 45. Calculate o(-2).
-193
Let x(m) = -20*m - 552. Give x(-29).
28
Let w(h) = 10159*h - 111754. Calculate w(11).
-5
Let p(x) = 568*x - 80667. Calculate p(142).
-11
Let z(p) = -4*p**3 + 419*p**2 - 324*p + 1252. Give z(104).
4
Let h(z) = -29*z + 3171. Give h(109).
10
Let r(i) = 6*i**2 - 37*i + 47. What is r(3)?
-10
Let d(b) = -b**2 + 9*b + 287. What is d(-13)?
1
Let f(p) = 7*p**2 + 41*p - 22. What is f(-13)?
628
Let w(i) = i**2 - 114*i - 457. What is w(118)?
15
Let i(g) = 96*g + 699. Determine i(-7).
27
Let g(p) = -p**2 + 143*p - 702. Determine g(5).
-12
Let j(z) = -251*z + 262. Calculate j(0).
262
Let p(k) = -k**2 + 6*k + 41. Calculate p(16).
-119
Let f(u) = 56*u**2 + 561*u + 13. What is f(-10)?
3
Let y(v) = -27*v - 292. Give y(-12).
32
Let f(l) = 21*l**2 + 86*l - 491. Calculate f(6).
781
Let p(w) = 45*w - 1390. What is p(31)?
5
Let k(l) = -2*l**2 + 137*l - 210. Calculate k(67).
-9
Let x(u) = -3*u**3 - 4*u**2 + 278*u - 12. Give x(9).
-21
Let z(p) = -19*p - 265. Calculate z(-16).
39
Let y(m) = -m**3 + 17*m**2 - m + 13. Determine y(17).
-4
Let r(p) = -164*p - 1149. Give r(-8).
163
Let v(a) = 2*a**3 + 81*a**2 - 84*a - 1772. Calculate v(-41).
-9
Let a(d) = d**3 + 78*d**2 + 144*d - 603. What is a(-76)?
5
Let d(u) = -663*u**3 + u**2 + 6*u + 5. Determine d(-1).
663
Let z(u) = -3*u**2 - 19*u + 1. Calculate z(-9).
-71
Let r(y) = -2*y**2 + 12*y + 112. What is r(-6)?
-32
Let p(x) = -2*x**2 + 28*x - 34. Calculate p(10).
46
Let k(t) = t**2 - 3*t - 18. Give k(6).
0
Let s(z) = 2*z**2 - 47*z - 548. Give s(36).
352
Let b(g) = g**3 + 185*g**2 + 586*g + 112. Calculate b(-3).
-8
Let z(t) = -2*t**2 + 64*t + 2229. Calculate z(-21).
3
Let r(q) = q**3 + 56*q**2 - 2*q + 149. What is r(-56)?
261
Let z(k) = -k**3 + 16*k**2 + 70*k - 964. Calculate z(17).
-63
Let k(w) = 29*w + 197. Calculate k(-14).
-209
Let o(z) = z**3 + 13*z**2 - 8*z + 6. Determine o(-14).
-78
Let k(w) = w**3 + 36*w**2 - 355*w - 1. Give k(8).
-25
Let c(w) = -660*w + 1895. What is c(3)?
-85
Let l(m) = -20*m**2 + 85*m - 76. Determine l(2).
14
Let q(k) = -10*k + 740. What is q(74)?
0
Let s(v) = v**3 - 11*v**2 - 42*v - 42. Determine s(13).
-250
Let y(v) = v**3 + 3*v**2 + 8*v + 3. What is y(5)?
243
Let f(p) = 8621*p + 77623. Determine f(-9).
34
Let h(c) = -8*c**2 + 4*c - 73. Calculate h(7).
-437
Let k(w) = 2*w**2 - 34*w - 288. Calculate k(24).
48
Let q(p) = p**2 + 25*p + 57. Give q(-16).
-87
Let p(s) = -s**3 + 33*s**2 - 2*s + 71. Determine p(33).
5
Let u(i) = 44*i - 759. What is u(17)?
-11
Let f(y) = -59*y**2 + 17*y + 69. What is f(-3)?
-513
Let z(k) = 22*k**3 - k**2 + 4*k + 3. Determine z(-1).
-24
Let s(u) = -2*u**3 + 145*u**2 + 374*u - 88. Calculate s(75).
-163
Let r(t) = 2*t**3 + 37*t**2 + 143*t - 48. Determine r(-6).
-6
Let d(i) = -48*i**2 - 49*i - 5. What is d(-1)?
-4
Let q(b) = -2*b**2 + 6*b - 43. Calculate q(-6).
-151
Let i(v) = 8704*v + 10. What is i(0)?
10
Let l(x) = -x**3 - 25*x**2 - 67*x - 1. Determine l(-22).
21
Let c(r) = 3*r**2 + 989*r + 27774. Calculate c(-31).
-2
Let x(c) = -157*c - 2800. Give x(-18).
26
Let w(f) = 393*f + 437. Determine w(-3).
-742
Let t(z) = z**3 - 11*z**2 + 54*z - 826. Give t(11).
-232
Let x(j) = -74*j + 1130. Calculate x(17).
-128
Let z(g) = -4*g**3 - 23*g**2 - 13*g - 108. Give z(-6).
6
Let w(d) = -15*d**2 - 18*d - 66. Determine w(-5).
-351
Let g(s) = s**3 - 4*s**2 - 5*s - 14. Give g(6).
28
Let x(h) = -8*h**2 - 152*h - 173. Give x(-18).
-29
Let d(s) = 169*s - 503. Calculate d(8).
849
Let v(i) = -i**2 + 80*i - 521. Calculate v(7).
-10
Let i(v) = -42*v + 329. Determine i(9).
-49
Let w(y) = -2*y**2 + 4*y + 22. Determine w(-5).
-48
Let l(d) = -2*d**2 + 9*d + 71. Give l(-12).
-325
Let n(q) = -790*q - 12634. What is n(-16)?
6
Let n(o) = 2*o**2 + 225*o + 1679. What is n(-8)?
7
Let j(m) = m**3 + 10*m**2 - 2*m